 (base 6) to base 14
-8690
What is 6419 (base 11) in base 12?
4ab6
Convert 1904 (base 14) to base 7.
16104
What is 20c (base 14) in base 7?
1115
Convert -1592 (base 16) to base 6.
-41322
Convert 22534 (base 7) to base 15.
1a8d
Convert -906 (base 12) to base 2.
-10100010110
Convert -754 (base 13) to base 9.
-1641
-343054 (base 6) to base 9
-44037
What is 95d (base 16) in base 11?
188a
What is -79 (base 12) in base 11?
-85
411 (base 9) to base 6
1314
Convert -10110001110010 (base 2) to base 4.
-2301302
Convert 3002 (base 9) to base 5.
32224
10122212110 (base 3) to base 12
35863
1110 (base 5) to base 12
10b
882 (base 16) to base 7
6231
13623 (base 9) to base 12
5433
149 (base 13) to base 3
22112
-88a7 (base 12) to base 3
-202201101
Convert 10213001 (base 4) to base 13.
8795
cd (base 14) to base 5
1211
What is -330 (base 4) in base 3?
-2020
Convert 141b7 (base 12) to base 16.
6d1b
What is 201414 (base 5) in base 10?
6484
What is -12122 (base 5) in base 2?
-1110010000
What is -371 (base 16) in base 3?
-1012122
Convert 10000110011 (base 3) to base 6.
1134521
What is 3004 (base 5) in base 2?
101111011
What is -1422 (base 8) in base 15?
-376
What is -324141 (base 5) in base 3?
-120022202
-10053 (base 10) to base 12
-5999
-12028 (base 9) to base 11
-6054
-1160 (base 7) to base 11
-365
21111 (base 4) to base 11
4a3
110111110101 (base 2) to base 14
1433
What is 10000110100 (base 2) in base 6?
4552
6232 (base 11) to base 4
2001013
Convert 121222 (base 3) to base 5.
3313
What is 112212012 (base 3) in base 12?
6328
What is -1 (base 6) in base 2?
-1
What is 3240 (base 7) in base 9?
1523
What is 2230 (base 9) in base 6?
11343
-14bb (base 14) to base 9
-5053
Convert -22105 (base 6) to base 9.
-4175
What is 743 (base 12) in base 15?
4a9
33240 (base 7) to base 11
6309
What is 40750 (base 9) in base 13?
c2bb
-a163 (base 12) to base 9
-26003
What is 20021113 (base 4) in base 2?
1000001001010111
Convert -268a (base 11) to base 4.
-312132
-17555 (base 8) to base 9
-12028
a9c (base 14) to base 16
832
What is -36164 (base 7) in base 5?
-244411
Convert 128 (base 15) to base 8.
407
30550 (base 7) to base 14
2a27
What is -3ad9 (base 15) in base 5?
-400304
12112223 (base 4) to base 7
135611
What is 6158 (base 9) in base 11?
3429
What is 2151 (base 10) in base 6?
13543
What is -1d96 (base 15) in base 13?
-2c16
What is 140 (base 8) in base 10?
96
-2020 (base 5) to base 16
-104
What is 666 (base 16) in base 11?
125a
Convert 114 (base 12) to base 2.
10100000
What is 2311 (base 6) in base 15?
267
What is -366 (base 8) in base 7?
-501
What is -1111 (base 4) in base 10?
-85
What is 12010 (base 6) in base 11?
1337
Convert 2016 (base 11) to base 5.
41204
-131213 (base 5) to base 2
-1010000111111
Convert 132 (base 11) to base 8.
234
What is -10010001111 (base 2) in base 12?
-813
What is -22451 (base 6) in base 16?
-c7f
What is -3129 (base 14) in base 15?
-2795
What is -475 (base 15) in base 8?
-1762
-253 (base 9) to base 4
-3102
-13310 (base 4) to base 5
-4000
48a (base 11) to base 16
246
3397 (base 13) to base 15
2217
Convert 8939 (base 15) to base 11.
1a936
-2304 (base 5) to base 15
-16e
20551 (base 9) to base 14
4d37
1010001111111 (base 2) to base 4
1101333
18 (base 12) to base 13
17
What is -10090 (base 14) in base 7?
-220240
3111 (base 5) to base 2
110010110
-24655 (base 10) to base 8
-60117
Convert -1b3 (base 15) to base 14.
-201
12011021 (base 3) to base 4
322300
Convert -231230 (base 4) to base 2.
-101101101100
What is -11001010001 (base 2) in base 15?
-72c
75d1 (base 14) to base 8
47623
Convert 1120 (base 4) to base 13.
6a
What is 4334 (base 12) in base 10?
7384
1001001100001 (base 2) to base 8
11141
What is 10201220 (base 3) in base 8?
5244
What is -387 (base 13) in base 3?
-211220
-f72b (base 16) to base 9
-105715
111212 (base 4) to base 15
622
What is -37b9 (base 12) in base 4?
-1202331
Convert -1576 (base 11) to base 3.
-2202210
Convert -531 (base 15) to base 6.
-5231
What is -a80 (base 13) in base 9?
-2413
What is 57370 (base 8) in base 14?
8c08
What is -2050 (base 9) in base 3?
-2001200
-10010110001100 (base 2) to base 11
-7249
660 (base 8) to base 6
2000
Convert 1557 (base 8) to base 14.
46b
What is -33130 (base 4) in base 3?
-1100121
Convert 121110 (base 3) to base 11.
374
What is -a45 (base 11) in base 2?
-10011101011
Convert 8627 (base 9) to base 5.
200333
What is 654 (base 9) in base 12?
387
Convert -467 (base 9) to base 8.
-601
-531 (base 7) to base 3
-100220
What is 55216 (base 7) in base 11?
a434
What is 883 (base 16) in base 6?
14031
What is 2453 (base 8) in base 16?
52b
What is 1527 (base 12) in base 14?
c91
What is 365 (base 10) in base 5?
2430
What is 52 (base 16) in base 2?
1010010
What is 33202 (base 5) in base 10?
2302
What is 119d9 (base 16) in base 10?
72153
Convert 714c (base 16) to base 6.
342140
What is -101110000 (base 2) in base 9?
-448
What is -10102 (base 4) in base 2?
-100010010
-1136a (base 11) to base 14
-5da3
200 (base 11) to base 5
1432
1320d (base 14) to base 7
254116
Convert 413 (base 13) to base 7.
2006
What is -9 (base 15) in base 16?
-9
Convert 5501 (base 9) to base 13.
1ac8
Convert 295 (base 11) to base 2.
101011010
-101121101 (base 3) to base 13
-369a
What is 8210 (base 9) in base 4?
1131303
Convert -5740 (base 9) to base 6.
-31400
cbd (base 16) to base 11
24a5
11111110000 (base 2) to base 3
2210021
-5 (base 7) to base 16
-5
Convert -10c (base 15) to base 14.
-12d
Convert -1000111110 (base 2) to base 10.
-574
What is -36361 (base 10) in base 16?
-8e09
81d (base 15) to base 5
24303
-497 (base 12) to base 7
-2005
Convert -10300 (base 8) to base 16.
-10c0
13e9 (base 15) to base 7
15306
-534 (base 12) to base 15
-35a
What is 18b13 (base 13) in base 6?
1010140
-112012 (base 4) to base 13
-84a
Convert -18b (base 13) to base 16.
-11c
Convert -14120 (base 5) to base 10.
-1160
1230201 (base 4) to base 12
4029
-10311 (base 4) to base 6
-1233
Convert -97a1 (base 14) to base 4.
-12121201
What is -16d (base 16) in base 6?
-1405
-111100000110010 (base 2) to base 7
-155465
25725 (base 9) to base 2
100001111001101
-4203 (base 6) to base 15
-429
Convert 22220 (base 7) to base 13.
271a
Convert -10110110010000 (base 2) to base 10.
-11664
216061 (base 7) to base 3
1221021201
Convert 27e (base 15) to base 3.
210002
-1139 (base 13) to base 12
-1492
-3626 (base 9) to base 8
-5211
What is -28ad (base 16) in base 5?
-313123
-223133 (base 4) to base 15
-c58
Convert -116555 (base 9) to base 10.
-70439
What is 5131 (base 6) in base 5?
14020
5165 (base 8) to base 9
3604
Convert -21310 (base 8) to base 16.
-22c8
-752 (base 8) to base 4
-13222
30005 (base 8) to base 6
132525
Convert 522c (base 14) to base 12.
8234
Convert -148a1 (base 11) to base 9.
-31772
Convert -686b (base 13) to base 4.
-3210133
-201220101 (base 3) to base 6
-151101
211110 (base 4) to base 16
954
What is -1b9 (base 16) in base 13?
-27c
Convert -3110431 (base 5) to base 8.
-143065
230 (base 12) to base 3
110000
Convert -1453 (base 10) to base 9.
-1884
What is -4d7 (base 16) in base 15?
-579
What is -20202001 (base 3) in base 10?
-4915
-101111011101 (base 2) to base 16
-bdd
-313 (base 14) to base 5
-4410
-63272 (base 8) to base 6
-321430
Convert -5256 (base 8) to base 14.
-dd4
a57 (base 11) to base 3
1202010
Convert 13779 (base 10) to base 8.
32723
What is -27852 (base 11) in base 9?
-60316
110100001010 (base 2) to base 10
3338
Convert -41303 (base 5) to base 14.
-db1
3222 (base 5) to base 8
665
-13325 (base 6) to base 11
-1611
What is 332332 (base 4) in base 2?
111110111110
Convert 4131 (base 7) to base 16.
5a3
-10100011000 (base 2) to base 5
-20204
What is -44 (base 9) in base 8?
-50
Convert 15791 (base 12) to base 4.
13130131
a16 (base 14) to base 2
11110111100
Convert -5bdb (base 16) to base 13.
-a91b
Convert 145020 (base 6) to base 2.
11011011100100
What is 2497 (base 11) in base 9?
4413
Convert -3a (base 15) to base 9.
-61
-77421 (base 8) to base 4
-13330101
Convert 1a30 (base 14) to base 16.
128a
What is 1022110 (base 3) in base 7?
2535
Convert 35296 (base 12) to base 7.
414504
231000 (base 5) to base 14
3014
Convert 71378 (base 10) to base 14.
1c026
Convert -1546 (base 7) to base 3.
-212001
10979 (base 12) to base 9
33313
What is -3884 (base 9) in base 8?
-5537
Convert 1524 (base 